{"id":10164,"date":"2013-11-07T19:48:56","date_gmt":"2013-11-07T18:48:56","guid":{"rendered":"http:\/\/hotel-heinz.de\/?post_type=products&#038;p=10164"},"modified":"2023-05-16T14:47:11","modified_gmt":"2023-05-16T13:47:11","slug":"lomi-lomi-nui","status":"publish","type":"product","link":"https:\/\/hotel-heinz.de\/shop\/produkt\/lomi-lomi-nui\/","title":{"rendered":"Lomi Lomi Nui"},"content":{"rendered":"<p align=\"left\">Diese au\u00dfergew\u00f6hnliche Massage wird nicht umsonst die \u201eK\u00f6nigin der Massagen\u201c genannt.\u00a0Die Lomi Lomi Nui ist eine hawaiianische Tempelmassage, die tiefe Blockaden l\u00f6st und in Ihnen ein unvergessliches Gef\u00fchl der Ruhe und Entspannung ausl\u00f6st. Hier werden Sie mit einer Mischung aus K\u00f6rperarbeit, Meditation, exotischen Kl\u00e4ngen und intensiver Massage verw\u00f6hnt. Aber Vorsicht, diese Art der Massage macht absolut s\u00fcchtig! (ca. 110 Min.)<\/p>\n","protected":false},"excerpt":{"rendered":"<p>Die K\u00f6nigin der Massagen!<\/p>\n","protected":false},"featured_media":30055,"template":"","meta":[],"product_brand":[],"product_cat":[38],"product_tag":[],"class_list":{"0":"post-10164","1":"product","2":"type-product","3":"status-publish","4":"has-post-thumbnail","6":"product_cat-wellness-gutscheine","8":"first","9":"instock","10":"taxable","11":"shipping-taxable","12":"purchasable","13":"product-type-simple"},"_links":{"self":[{"href":"https:\/\/hotel-heinz.de\/shop\/wp-json\/wp\/v2\/product\/10164","targetHints":{"allow":["GET"]}}],"collection":[{"href":"https:\/\/hotel-heinz.de\/shop\/wp-json\/wp\/v2\/product"}],"about":[{"href":"https:\/\/hotel-heinz.de\/shop\/wp-json\/wp\/v2\/types\/product"}],"wp:featuredmedia":[{"embeddable":true,"href":"https:\/\/hotel-heinz.de\/shop\/wp-json\/wp\/v2\/media\/30055"}],"wp:attachment":[{"href":"https:\/\/hotel-heinz.de\/shop\/wp-json\/wp\/v2\/media?parent=10164"}],"wp:term":[{"taxonomy":"product_brand","embeddable":true,"href":"https:\/\/hotel-heinz.de\/shop\/wp-json\/wp\/v2\/product_brand?post=10164"},{"taxonomy":"product_cat","embeddable":true,"href":"https:\/\/hotel-heinz.de\/shop\/wp-json\/wp\/v2\/product_cat?post=10164"},{"taxonomy":"product_tag","embeddable":true,"href":"https:\/\/hotel-heinz.de\/shop\/wp-json\/wp\/v2\/product_tag?post=10164"}],"curies":[{"name":"wp","href":"https:\/\/api.w.org\/{rel}","templated":true}]}}