{"id":17338,"date":"2017-11-07T18:37:42","date_gmt":"2017-11-07T17:37:42","guid":{"rendered":"https:\/\/hotel-heinz.de\/shop\/?post_type=product&#038;p=17338"},"modified":"2025-10-21T07:18:01","modified_gmt":"2025-10-21T06:18:01","slug":"thermen-abend","status":"publish","type":"product","link":"https:\/\/hotel-heinz.de\/shop\/produkt\/thermen-abend\/","title":{"rendered":"Thermen-Abend ab 17:30 Uhr im Spa-Bereich"},"content":{"rendered":"<p>Auch ohne \u00dcbernachtung k\u00f6nnen Sie einen Abend in unserem Wellness-Bereich genie\u00dfen. Von 17:30 bis 22:00 Uhr ist es bei uns besonders ruhig und Sie k\u00f6nnen nach Herzenslust saunieren.<\/p>\n<p>Unser Thermen-Abend beinhaltet:<\/p>\n<ul>\n<li>kleine Einf\u00fchrung und alkoholfreier Begr\u00fc\u00dfungscocktail in unserer Poolbar ab 18.00 Uhr<\/li>\n<li>Nutzung unserer Wellnesslandschaft sowie des Fitnessstudios von 17.30 bis 22.00 Uhr<\/li>\n<li>Bademantel und Handt\u00fccher liegen f\u00fcr Sie bereit<\/li>\n<\/ul>\n<p>Ein sch\u00f6nes Geschenk f\u00fcr Saunafans!<\/p>\n","protected":false},"excerpt":{"rendered":"<p>Feierabend mal anders &#8230; genie\u00dfen Sie die abendliche Ruhe in unserem Saunabereich. Eintritt ab 18.00 Uhr bis max. 22.30 Uhr inklusive Bademantel, Handt\u00fccher und Fruchtcocktail.<\/p>\n","protected":false},"featured_media":17236,"template":"","meta":[],"product_brand":[],"product_cat":[38],"product_tag":[81],"class_list":{"0":"post-17338","1":"product","2":"type-product","3":"status-publish","4":"has-post-thumbnail","6":"product_cat-wellness-gutscheine","7":"product_tag-thermentag","9":"first","10":"instock","11":"taxable","12":"shipping-taxable","13":"purchasable","14":"product-type-simple"},"_links":{"self":[{"href":"https:\/\/hotel-heinz.de\/shop\/wp-json\/wp\/v2\/product\/17338","targetHints":{"allow":["GET"]}}],"collection":[{"href":"https:\/\/hotel-heinz.de\/shop\/wp-json\/wp\/v2\/product"}],"about":[{"href":"https:\/\/hotel-heinz.de\/shop\/wp-json\/wp\/v2\/types\/product"}],"wp:featuredmedia":[{"embeddable":true,"href":"https:\/\/hotel-heinz.de\/shop\/wp-json\/wp\/v2\/media\/17236"}],"wp:attachment":[{"href":"https:\/\/hotel-heinz.de\/shop\/wp-json\/wp\/v2\/media?parent=17338"}],"wp:term":[{"taxonomy":"product_brand","embeddable":true,"href":"https:\/\/hotel-heinz.de\/shop\/wp-json\/wp\/v2\/product_brand?post=17338"},{"taxonomy":"product_cat","embeddable":true,"href":"https:\/\/hotel-heinz.de\/shop\/wp-json\/wp\/v2\/product_cat?post=17338"},{"taxonomy":"product_tag","embeddable":true,"href":"https:\/\/hotel-heinz.de\/shop\/wp-json\/wp\/v2\/product_tag?post=17338"}],"curies":[{"name":"wp","href":"https:\/\/api.w.org\/{rel}","templated":true}]}}