{"id":18112,"date":"2021-03-17T17:42:27","date_gmt":"2021-03-17T16:42:27","guid":{"rendered":"https:\/\/hotel-heinz.de\/shop\/?post_type=product&#038;p=18112"},"modified":"2024-12-22T09:05:00","modified_gmt":"2024-12-22T08:05:00","slug":"tea-time","status":"publish","type":"product","link":"https:\/\/hotel-heinz.de\/shop\/produkt\/tea-time\/","title":{"rendered":"Tea Time im Hotel Heinz"},"content":{"rendered":"<p>Unser neuestes Angebot im Zeichen des stilvollen Genusses &#8211; die Tea Time nach britischem Vorbild:<br \/>\nGenie\u00dfen Sie feine Teespezialit\u00e4ten aus dem Hause Ronnefeld und dazu feine K\u00f6stlichkeiten aus unserer Patisserie.<br \/>\nJeweils am Sonntag 26. Januar 2025 | 23. Februar 2025 | 23. M\u00e4rz 2025 | 06. April 2025 in der Zeit von 14:30 bis 17:00 Uhr.<\/p>\n<ul>\n<li>Teeauswahl aus dem Hause Ronnefeld oder Kaffeespezialit\u00e4ten oder hei\u00dfe Schokolade<\/li>\n<li>ein Glas Sekt Selection Hotel Heinz oder Pinot Ros\u00e9 Secco alkoholfrei<\/li>\n<li>klassische herzhafte Finger-Sandwiches<\/li>\n<li>frisch gebackene Scones serviert mit Clotted Cream, Zitrus- &amp; Erdbeer-Konfit\u00fcre<\/li>\n<li>feine Versuchungen aus der hauseigenen Patisserie<\/li>\n<\/ul>\n<p>Buchbar ab 2 Personen &#8211; Voranmeldung 24 Stunden vorher n\u00f6tig.<\/p>\n<p><span style=\"color: #999999\"><em>Wie all unsere Gutscheine ist auch dieses Paket auf Wunsch vom Beschenkten in andere Leistungen unseres Hauses im gleichen Wert umtauschbar. Es ist noch keine Reservierung im Gutschein-Umfang enthalten. Ein Termin muss separat reserviert werden.<br \/>\n<\/em><\/span><\/p>\n","protected":false},"excerpt":{"rendered":"<p>Unser neuestes Genuss-Angebot: Tea Time mit s\u00fc\u00dfen und herzhaften K\u00f6stlichkeiten aus der Patisserie.<\/p>\n","protected":false},"featured_media":41947,"template":"","meta":[],"product_brand":[],"product_cat":[37],"product_tag":[],"class_list":{"0":"post-18112","1":"product","2":"type-product","3":"status-publish","4":"has-post-thumbnail","6":"product_cat-kulinarische-gutscheine","8":"first","9":"instock","10":"taxable","11":"shipping-taxable","12":"purchasable","13":"product-type-simple"},"_links":{"self":[{"href":"https:\/\/hotel-heinz.de\/shop\/wp-json\/wp\/v2\/product\/18112","targetHints":{"allow":["GET"]}}],"collection":[{"href":"https:\/\/hotel-heinz.de\/shop\/wp-json\/wp\/v2\/product"}],"about":[{"href":"https:\/\/hotel-heinz.de\/shop\/wp-json\/wp\/v2\/types\/product"}],"wp:featuredmedia":[{"embeddable":true,"href":"https:\/\/hotel-heinz.de\/shop\/wp-json\/wp\/v2\/media\/41947"}],"wp:attachment":[{"href":"https:\/\/hotel-heinz.de\/shop\/wp-json\/wp\/v2\/media?parent=18112"}],"wp:term":[{"taxonomy":"product_brand","embeddable":true,"href":"https:\/\/hotel-heinz.de\/shop\/wp-json\/wp\/v2\/product_brand?post=18112"},{"taxonomy":"product_cat","embeddable":true,"href":"https:\/\/hotel-heinz.de\/shop\/wp-json\/wp\/v2\/product_cat?post=18112"},{"taxonomy":"product_tag","embeddable":true,"href":"https:\/\/hotel-heinz.de\/shop\/wp-json\/wp\/v2\/product_tag?post=18112"}],"curies":[{"name":"wp","href":"https:\/\/api.w.org\/{rel}","templated":true}]}}