{"id":24651,"date":"2020-03-31T13:12:28","date_gmt":"2020-03-31T12:12:28","guid":{"rendered":"https:\/\/hotel-heinz.de\/shop\/?post_type=product&#038;p=24651"},"modified":"2024-12-03T08:48:56","modified_gmt":"2024-12-03T07:48:56","slug":"airfect-kopfkissen","status":"publish","type":"product","link":"https:\/\/hotel-heinz.de\/shop\/produkt\/airfect-kopfkissen\/","title":{"rendered":"Airfect Kopfkissen"},"content":{"rendered":"<p>Das Geheimnis f\u00fcr besonders guten Schlaf? Frische Luft, ausreichend Bewegung, entspannen &#8211; und ein gutes Kissen.<br \/>\nWir haben das perfekte Kissen gefunden, ausf\u00fchrlich selbst getestet und bieten deshalb in all unseren Hotelzimmern seit einigen Jahren neben den klassischen 80&#215;80-Kissen auch die Taschenfederkern-Kissen von Airfect an: Punktelastisch, anpassungsf\u00e4hig und atmungsaktiv.<br \/>\nVon den verschiedenen Technologien, die ein gutes Kissen ausmachen, haben es die Macher von Airfect geschafft, die besten Eigenschaften miteinander zu kombininieren. Thermoelastischer Schaum umh\u00fcllt eine ausgekl\u00fcgelte Taschenfederkonstruktion, so k\u00f6nnen Kopf und Halswirbels\u00e4ule optimal unterst\u00fctzt werden. Kopf- und Nackenschmerzen ade! Dabei gibt es ein wunderbares kuscheliges Gef\u00fchl, komfortabel und luftig zugleich.<\/p>\n<p>Sie k\u00f6nnen dieses Kissen zum Vorteilspreis bei uns vor Ort oder eben in unserem Onlineshop bestellen.<\/p>\n<p>Tipp: das Kissen hat die Ma\u00dfe 74x42cm und kann in einen \u00fcblichen 80x80cm Kissenbezug eingeschlagen werden. Oder Sie bestellen gleich im Shop den passenden Bezug dazu.<\/p>\n<p>&nbsp;<\/p>\n","protected":false},"excerpt":{"rendered":"<p>Das beliebte Taschenfederkern-Kissen aus unseren Hotelzimmern im Format 74&#215;42 cm -punktelastisch, anpassungsf\u00e4hig und atmungsaktiv.<\/p>\n","protected":false},"featured_media":24656,"template":"","meta":[],"product_brand":[],"product_cat":[41],"product_tag":[],"class_list":{"0":"post-24651","1":"product","2":"type-product","3":"status-publish","4":"has-post-thumbnail","6":"product_cat-geschenk-artikel","7":"product_shipping_class-gross","9":"first","10":"instock","11":"taxable","12":"shipping-taxable","13":"purchasable","14":"product-type-simple"},"_links":{"self":[{"href":"https:\/\/hotel-heinz.de\/shop\/wp-json\/wp\/v2\/product\/24651","targetHints":{"allow":["GET"]}}],"collection":[{"href":"https:\/\/hotel-heinz.de\/shop\/wp-json\/wp\/v2\/product"}],"about":[{"href":"https:\/\/hotel-heinz.de\/shop\/wp-json\/wp\/v2\/types\/product"}],"wp:featuredmedia":[{"embeddable":true,"href":"https:\/\/hotel-heinz.de\/shop\/wp-json\/wp\/v2\/media\/24656"}],"wp:attachment":[{"href":"https:\/\/hotel-heinz.de\/shop\/wp-json\/wp\/v2\/media?parent=24651"}],"wp:term":[{"taxonomy":"product_brand","embeddable":true,"href":"https:\/\/hotel-heinz.de\/shop\/wp-json\/wp\/v2\/product_brand?post=24651"},{"taxonomy":"product_cat","embeddable":true,"href":"https:\/\/hotel-heinz.de\/shop\/wp-json\/wp\/v2\/product_cat?post=24651"},{"taxonomy":"product_tag","embeddable":true,"href":"https:\/\/hotel-heinz.de\/shop\/wp-json\/wp\/v2\/product_tag?post=24651"}],"curies":[{"name":"wp","href":"https:\/\/api.w.org\/{rel}","templated":true}]}}