{"id":30215,"date":"2022-02-02T21:10:47","date_gmt":"2022-02-02T20:10:47","guid":{"rendered":"https:\/\/hotel-heinz.de\/shop\/?post_type=product&#038;p=30215"},"modified":"2025-09-18T10:37:11","modified_gmt":"2025-09-18T09:37:11","slug":"beauty-verwoehntag","status":"publish","type":"product","link":"https:\/\/hotel-heinz.de\/shop\/produkt\/beauty-verwoehntag\/","title":{"rendered":"Beauty-Verw\u00f6hntag inkl. Day Spa"},"content":{"rendered":"<ul>\n<li>Nutzung der Wellness- &amp; Saunalandschaft sowie Fitnessstudio und Teilnahme am Aktivprogramm<\/li>\n<li>Badem\u00e4ntel und Handt\u00fccher liegen f\u00fcr Sie bereit<\/li>\n<li>alkoholfreier Begr\u00fc\u00dfungscocktail<\/li>\n<li>in unserem Poolbistro wahlweise ein leichtes Mittagessen oder ein Nachmittags-Snack<\/li>\n<li>\u00a0<span dir=\"ltr\" role=\"presentation\">eine Komplett-Gesichtsbehandlung (speziell auf Ihren Hauttyp<\/span><br role=\"presentation\" \/><span dir=\"ltr\" role=\"presentation\">abgestimmt) mit Abreinigung, Peeling, auf Wunsch Bedampfung,<\/span><br role=\"presentation\" \/><span dir=\"ltr\" role=\"presentation\">Augenbrauenkorrektur, Ausreinigung, Ampulle, Intensiv-Maske, Hand-<\/span><br role=\"presentation\" \/><span dir=\"ltr\" role=\"presentation\">oder Fu\u00dfpackung, Massage und Abschlusspflege<\/span><\/li>\n<li><span dir=\"ltr\" role=\"presentation\">eine Manik\u00fcre mit Lack<\/span><\/li>\n<\/ul>\n<p><em>buchbar von Sonntag bis Freitag. Wir bitten um fr\u00fchzeitige Reservierung<\/em><\/p>\n","protected":false},"excerpt":{"rendered":"<p>Das Tagespaket mit dem besonderen Schwerpunkt auf Kosmetik und Sch\u00f6nheitspflege. Inklusive des kompletten Day Spa-Package und&#8230;<\/p>\n","protected":false},"featured_media":30058,"template":"","meta":[],"product_brand":[],"product_cat":[38],"product_tag":[157,156,155,141,154,153,138,152],"class_list":{"0":"post-30215","1":"product","2":"type-product","3":"status-publish","4":"has-post-thumbnail","6":"product_cat-wellness-gutscheine","7":"product_tag-auszeit","8":"product_tag-behandlung","9":"product_tag-kosmetik","10":"product_tag-me-time","11":"product_tag-pflege","12":"product_tag-schoenheit","13":"product_tag-selfcare","14":"product_tag-verwoehnt-werden","16":"first","17":"instock","18":"purchasable","19":"product-type-simple"},"_links":{"self":[{"href":"https:\/\/hotel-heinz.de\/shop\/wp-json\/wp\/v2\/product\/30215","targetHints":{"allow":["GET"]}}],"collection":[{"href":"https:\/\/hotel-heinz.de\/shop\/wp-json\/wp\/v2\/product"}],"about":[{"href":"https:\/\/hotel-heinz.de\/shop\/wp-json\/wp\/v2\/types\/product"}],"wp:featuredmedia":[{"embeddable":true,"href":"https:\/\/hotel-heinz.de\/shop\/wp-json\/wp\/v2\/media\/30058"}],"wp:attachment":[{"href":"https:\/\/hotel-heinz.de\/shop\/wp-json\/wp\/v2\/media?parent=30215"}],"wp:term":[{"taxonomy":"product_brand","embeddable":true,"href":"https:\/\/hotel-heinz.de\/shop\/wp-json\/wp\/v2\/product_brand?post=30215"},{"taxonomy":"product_cat","embeddable":true,"href":"https:\/\/hotel-heinz.de\/shop\/wp-json\/wp\/v2\/product_cat?post=30215"},{"taxonomy":"product_tag","embeddable":true,"href":"https:\/\/hotel-heinz.de\/shop\/wp-json\/wp\/v2\/product_tag?post=30215"}],"curies":[{"name":"wp","href":"https:\/\/api.w.org\/{rel}","templated":true}]}}

Beauty-Verwöhntag inkl. Day Spa

<ul>
<li>Nutzung der Wellness- &amp; Saunalandschaft sowie Fitnessstudio und Teilnahme am Aktivprogramm</li>
<li>Bademäntel und Handtücher liegen für Sie bereit</li>
<li>alkoholfreier Begrüßungscocktail</li>
<li>in unserem Poolbistro wahlweise ein leichtes Mittagessen oder ein Nachmittags-Snack</li>
<li> <span dir="ltr" role="presentation">eine Komplett-Gesichtsbehandlung (speziell auf Ihren Hauttyp</span><br role="presentation" /><span dir="ltr" role="presentation">abgestimmt) mit Abreinigung, Peeling, auf Wunsch Bedampfung,</span><br role="presentation" /><span dir="ltr" role="presentation">Augenbrauenkorrektur, Ausreinigung, Ampulle, Intensiv-Maske, Hand-</span><br role="presentation" /><span dir="ltr" role="presentation">oder Fußpackung, Massage und Abschlusspflege</span></li>
<li><span dir="ltr" role="presentation">eine Maniküre mit Lack</span></li>
</ul>
<p><em>buchbar von Sonntag bis Freitag. Wir bitten um frühzeitige Reservierung</em></p>

<p>Das Tagespaket mit dem besonderen Schwerpunkt auf Kosmetik und Schönheitspflege. Inklusive des kompletten Day Spa-Package und&#8230;</p>
