{"id":42327,"date":"2025-01-14T10:21:25","date_gmt":"2025-01-14T09:21:25","guid":{"rendered":"https:\/\/hotel-heinz.de\/shop\/?post_type=product&#038;p=42327"},"modified":"2025-01-14T10:29:07","modified_gmt":"2025-01-14T09:29:07","slug":"fruehstuecksbueffet","status":"publish","type":"product","link":"https:\/\/hotel-heinz.de\/shop\/produkt\/fruehstuecksbueffet\/","title":{"rendered":"Fr\u00fchst\u00fccksb\u00fcffet"},"content":{"rendered":"<p>t\u00e4glich von 07.00 &#8211; 11.00 Uhr\u00a0 &#8211; au\u00dfer Wochenends und Feiertags in begrenzten Kontingenten auch f\u00fcr externe G\u00e4ste buchbar<\/p>\n<ul>\n<li>verschiedene Brot- und Br\u00f6tchensorten<\/li>\n<li>gemischtes M\u00fcslibuffet<\/li>\n<li>frischer Obstsalat und Fruchtauswahl<\/li>\n<li>verschiedene Marmeladen und Honigsorten<\/li>\n<li>Croissants, Hefegeb\u00e4ck und hausgemachter Kuchen<\/li>\n<li>gemischte K\u00e4se- und Wurstsorten sowie Aufschnitt<\/li>\n<li>R\u00fchreier, gebratener Speck und W\u00fcrstchen<\/li>\n<li>ger\u00e4ucherter Lachs<\/li>\n<li>Kaffee, Tee und verschiedene S\u00e4fte<\/li>\n<li>ein Glas Sekt<\/li>\n<\/ul>\n<p>pro Person EUR 23,50<\/p>\n<p>Bitte beachten Sie, dass die Buchung an Wochenenden und Feiertagen in aller Regel nur f\u00fcr Hausg\u00e4ste m\u00f6glich ist.<\/p>\n<p><span style=\"color: #999999\"><em>Wie all unsere Gutscheine ist auch dieses Paket auf Wunsch vom Beschenkten in andere Leistungen unseres Hauses im gleichen Wert umtauschbar. Es ist noch keine Reservierung im Gutschein-Umfang enthalten, ein Termin muss separat reserviert werden.<br \/>\n<\/em><\/span><\/p>\n","protected":false},"excerpt":{"rendered":"<p>Unser gro\u00dfes gro\u00dfes Fr\u00fchst\u00fccksb\u00fcffet &#8211; in begrenzten Kontingent an Wochentagen auch f\u00fcr externe G\u00e4ste buchbar.<\/p>\n","protected":false},"featured_media":30064,"template":"","meta":[],"product_brand":[],"product_cat":[37],"product_tag":[],"class_list":{"0":"post-42327","1":"product","2":"type-product","3":"status-publish","4":"has-post-thumbnail","6":"product_cat-kulinarische-gutscheine","8":"first","9":"instock","10":"taxable","11":"shipping-taxable","12":"purchasable","13":"product-type-simple"},"_links":{"self":[{"href":"https:\/\/hotel-heinz.de\/shop\/wp-json\/wp\/v2\/product\/42327","targetHints":{"allow":["GET"]}}],"collection":[{"href":"https:\/\/hotel-heinz.de\/shop\/wp-json\/wp\/v2\/product"}],"about":[{"href":"https:\/\/hotel-heinz.de\/shop\/wp-json\/wp\/v2\/types\/product"}],"wp:featuredmedia":[{"embeddable":true,"href":"https:\/\/hotel-heinz.de\/shop\/wp-json\/wp\/v2\/media\/30064"}],"wp:attachment":[{"href":"https:\/\/hotel-heinz.de\/shop\/wp-json\/wp\/v2\/media?parent=42327"}],"wp:term":[{"taxonomy":"product_brand","embeddable":true,"href":"https:\/\/hotel-heinz.de\/shop\/wp-json\/wp\/v2\/product_brand?post=42327"},{"taxonomy":"product_cat","embeddable":true,"href":"https:\/\/hotel-heinz.de\/shop\/wp-json\/wp\/v2\/product_cat?post=42327"},{"taxonomy":"product_tag","embeddable":true,"href":"https:\/\/hotel-heinz.de\/shop\/wp-json\/wp\/v2\/product_tag?post=42327"}],"curies":[{"name":"wp","href":"https:\/\/api.w.org\/{rel}","templated":true}]}}